ivisor of j and 45?
5
Let r(o) = -o**2 + 8*o - 10. Let d be r(5). Suppose -4*m + 3 = -13. Suppose -m*z + 2 = -18. What is the highest common divisor of d and z?
5
Let b(l) be the first derivative of 7*l**4/4 - l**3/3 + l**2 - l - 2. Let z be b(2). Calculate the greatest common divisor of 22 and z.
11
Let f be 4/16 + (-429)/(-12). Let o be (4/5 - 0)*5. What is the greatest common divisor of o and f?
4
Suppose -25 - 39 = -2*p - 4*d, -p + 40 = -2*d. Calculate the greatest common divisor of 18 and p.
18
Let g be 24/15*(-30)/(-4). Suppose 2*x - g = -x. What is the greatest common factor of x and 36?
4
Let p be (-5*1)/((-7)/14). Suppose 5*h - 3*x = 121, 0 = -3*h - 3*x + 54 + 33. Let q = -16 + h. What is the greatest common divisor of q and p?
10
Let b = 8 - 4. Let v be b*(-5)/(-2) + -3. Calculate the greatest common divisor of v and 77.
7
Suppose 5*i = 3*m - 0*m + 117, i - 2*m = 22. Suppose -4*p + 0*p + 64 = 0. Suppose -5*x + i = -p. What is the greatest common divisor of 24 and x?
8
Suppose -3*z + 5 = -z - y, -y = 5. Suppose z = -5*d + 1 + 59. Suppose -k + d = 2*k. What is the greatest common divisor of k and 20?
4
Suppose -2*h + 0*h = -2*j + 106, 0 = 5*h - 15. Calculate the highest common divisor of j and 84.
28
Let v be (2/2)/(1/17). Let b = v + -8. What is the highest common factor of 9 and b?
9
Suppose 3*y - y - 30 = 0. Let s be (2 + 15/(-6))*-30. Calculate the greatest common factor of s and y.
15
Let h(p) = 2*p**2 - 8*p + 7. Let c be h(5). Suppose -j = -4 - 3. Let w = c - j. What is the greatest common factor of 10 and w?
10
Let s = -3 + 4. Suppose -17 - s = -q. Let c(m) = -m + 9. Let a be c(0). What is the greatest common factor of a and q?
9
Suppose 6 = 2*m - 0. Suppose 5*h = 2*o - 60, 7*h + m*o + 85 = 2*h. Let a be (h/(-5))/(2/10). Calculate the greatest common factor of 7 and a.
7
Suppose 0 = 2*a - 7*a + 135. Calculate the highest common divisor of 216 and a.
27
Let q be (-30)/9*108/(-15). Suppose n + 9 = 5*j, -4*n + q = -n + 2*j. Let u = 1 + n. What is the greatest common factor of 77 and u?
7
Let x = 15 + -10. Suppose 3*d = 8*d - x. What is the highest common factor of 8 and d?
1
Let f = -23 - -23. Suppose f*i - 49 = -i. Calculate the highest common factor of 7 and i.
7
Suppose -a + 0 = -13. Suppose 0 = y + 3 - 42. What is the highest common divisor of y and a?
13
Let m = 104 - 82. Let a be -6*(-1)/2*11. Calculate the greatest common factor of m and a.
11
Suppose -450 = -6*t - 72. What is the greatest common factor of 7 and t?
7
Let x = -87 + 191. Suppose -3*t = -11*t + 208. What is the highest common factor of x and t?
26
Let q = -1 + 6. Suppose -q*r = -3*b - 2 + 32, 4*b - 23 = r. Suppose 4*g - 2*g + 2*j = 32, b*j - 59 = -4*g. What is the greatest common factor of 21 and g?
21
Suppose -4*s + c + 5 + 5 = 0, -c + 8 = 5*s. Calculate the greatest common divisor of 22 and s.
2
Let z(w) = -4 - 1 - 1 + 5 + 27*w. Let a be -1*((-1 - 0) + 0). Let h be z(a). Calculate the greatest common divisor of 65 and h.
13
Let y = 12 - 7. Let o(t) = t**2 - 12*t + 16. Let s be o(11). Calculate the greatest common factor of y and s.
5
Let x = -1 + 2. Let q = 16 - 11. Suppose -4*h = -2*h + 3*s - 11, 4*h = -q*s + 25. What is the greatest common factor of h and x?
1
Let c(r) = r**3 - 6*r**2 + 6*r. Let s be c(5). Let o = s - 3. Suppose 4*x - 8 = 0, -o*p - x = -2*x - 6. What is the highest common factor of p and 8?
4
Let d(c) = 9*c**2 + 2*c + 1. Let o be d(-1). What is the highest common divisor of o and 40?
8
Let y(b) = b**2 - 3*b + 1. Let w be y(6). Calculate the highest common factor of 152 and w.
19
Let y(l) = l**2 - 4*l - 1. Let g be y(3). Let x be (-9)/g + 2/(-8). Suppose 12 = -x*h + 4*h. What is the greatest common factor of 15 and h?
3
Let k = 16 - 12. Suppose -3*s = -15, -s = k*y - 3*s - 26. Calculate the greatest common divisor of 99 and y.
9
Suppose 8 = g - y, g + 4*y + 5 = 2*g. Calculate the highest common divisor of g and 135.
9
Suppose -56 = u - 551. Calculate the highest common divisor of u and 55.
55
Let l = -153 - -248. Suppose 0 = 2*h - 2*q - 46, -3*h + q + 0*q = -61. What is the greatest common factor of h and l?
19
Suppose 5*t - t - 60 = 0. Let j(w) = -11*w - 3. Let i be j(-3). What is the highest common divisor of i and t?
15
Suppose -15*v = -7*v - 144. Let j be ((-3)/(-2))/((-3)/(-4)). Calculate the highest common factor of j and v.
2
Let o = 89 - 26. Calculate the greatest common factor of o and 7.
7
Suppose 9*u = -31 + 229. What is the greatest common factor of 66 and u?
22
Let s be 2/3*(-30)/(-4). Let l(f) = f**3 - 5*f**2 - 6*f + 4. Let o be l(6). Suppose o*d = 67 + 93. What is the highest common divisor of s and d?
5
Suppose -35 - 19 = 2*a. Let g be 2/9 + (-48)/a. Suppose 3*n = -3*p, 4*p = 2*p - g. Calculate the highest common factor of n and 4.
1
Let b be (9 + 0)*(-3)/(-9). Suppose 0 = -5*h - 25, 3*g - b*h = -0*g + 180. Let r = 21 + -10. What is the greatest common divisor of g and r?
11
Suppose 4*r + 20 = 6*r. What is the highest common divisor of 70 and r?
10
Let n(j) = 72*j**2 + j - 1. Let w be n(1). What is the greatest common factor of w and 24?
24
Let j = 7 + -7. Suppose -3*s + s + 56 = j. Let y = 2 - -5. Calculate the highest common divisor of y and s.
7
Suppose -3*c + 8 = -67. Suppose 0*w + 4*w + 4*i - 56 = 0, 5*w = 4*i + 34. What is the highest common divisor of c and w?
5
Suppose 0 = q - 135 + 101. Calculate the highest common factor of q and 102.
34
Suppose -3*s - s = -20. Let h = -2 + s. Let v be 65/h - (-2)/6. What is the highest common divisor of 33 and v?
11
Let h be (-114)/8*(0 + -4). Suppose -h + 289 = d. Suppose -d - 40 = -4*i. What is the highest common divisor of 17 and i?
17
Suppose -4*k + 12 = 0, -4*j + 3*k = -0*j - 243. Let q(f) = 9*f + 1. Let y be q(1). Suppose 4 = 2*t - y. What is the greatest common divisor of t and j?
7
Let x = -11 + 25. Calculate the greatest common factor of 2 and x.
2
Suppose 0 = -2*p - 3*v - 9 + 53, 0 = -3*p - 5*v + 66. What is the highest common factor of 44 and p?
22
Let u(i) = i**3 - 16*i**2 + 26*i + 34. Let k be u(14). What is the greatest common divisor of 258 and k?
6
Suppose -5*k + 0*i + i + 1433 = 0, -3*k = -2*i - 864. Calculate the greatest common divisor of k and 26.
26
Suppose 0*y + 77 = 4*y - a, -69 = -3*y - 3*a. Let r be (4 - -1)*(-12)/(-20). Let g be -6*r/(-9)*4. Calculate the highest common divisor of g and y.
4
Let o be 2/(-8) + (-257)/(-4). What is the greatest common factor of o and 16?
16
Suppose 12 = v + 3*v. Let p be (v/(-9))/((-4)/72). Calculate the greatest common divisor of 9 and p.
3
Let m(k) = k**2 + 9*k + 11. Let n = -15 - -7. Let p be m(n). Suppose p*u - 33 = -0*u. Calculate the highest common divisor of u and 77.
11
Let x = -36 - -66. What is the highest common factor of x and 60?
30
Let d = 29 - 9. Calculate the highest common factor of 100 and d.
20
Suppose 2*f - 4*r = -3 - 3, 2*f + 2*r = -6. Let j be f/(-2) + 276/24. Calculate the highest common divisor of j and 91.
13
Let w(g) = -4*g - 30. Let a be w(-12). Let o = -7 - -11. Suppose o = -l + 49. Calculate the highest common factor of l and a.
9
Let v be ((-6)/(-4))/((-9)/(-6)). Let y = 0 + v. Let c(s) = -2*s**3 - s**2 + 1. Let m be c(-1). Calculate the highest common divisor of m and y.
1
Let c = -9 + 13. Calculate the highest common divisor of c and 20.
4
Suppose 2*o - 932 = 3*r - 0*o, 3*o = -5*r - 1528. Let v = r - -515. Suppose 0 = -4*c + c + 69. Calculate the greatest common divisor of v and c.
23
Let j be (-7)/(7/12)*-16. Suppose -2*m + j = 2*m. Suppose 0 = 5*z - 2*z - m. What is the greatest common divisor of z and 40?
8
Let i(j) = -39*j**2 - j + 1. Let n be i(1). Let k be (n/(-1))/(-3)*-1. Calculate the greatest common factor of 39 and k.
13
Let g = 10 - 2. Let h(j) = j**2 - 2*j. Let w be h(6). Let x be 12*(-2 + w/9). What is the highest common divisor of x and g?
8
Suppose 8 + 4 = -5*d + 4*b, -5*d + 6 = 2*b. Let j be 38 - (-2 - (2 + d)). Calculate the greatest common divisor of 14 and j.
14
Suppose 21*p - 201 = 177. What is the greatest common factor of 6 and p?
6
Let b be 33/6 - (-1)/(-2). Let t(n) = -n**2 + n + 2. Let i be t(-2). Let r be (-2 - 0)*10/i. What is the highest common factor of b and r?
5
Suppose 0 = 3*q + 3*p - 21, 0 = -7*q + 2*q - p + 43. What is the greatest common divisor of q an